MONTHLY CLIMATOLOGICAL SUMMARY for MAY. 2024

NAME:    CITY:  STATE: 
ELEV:  LAT:  LONG: 

                            TEMPERATURE ( C), RAIN (mm), WIND SPEED (m/s)

                                               HEAT     COOL           AVG
      MEAN                                     DEG      DEG            WIND                       DOM
DAY   TEMP    HIGH   TIME     LOW    TIME      DAYS     DAYS    RAIN   SPEED    HIGH    TIME      DIR
--------------------------------------------------------------------------------------------------------
01    08.9    17.5   19:26   -02.2   05:36     09.4     00.0    00.0   00.2     03.1    15:44      NE
02    09.9    19.9   18:29   -01.7   05:25     08.4     00.0    00.0   00.2     03.6    17:39     ENE
03    11.8    19.3   16:31    04.4   00:34     06.5     00.0    00.0   00.4     04.6    19:15     WNW
04    11.5    19.9   14:13    01.4   04:53     06.8     00.0    00.0   00.9     07.2    13:45      W 
05    07.3    13.3   18:21   -02.1   04:52     11.0     00.0    00.0   00.3     05.7    15:29      NE
06    04.6    09.8   17:42   -02.7   00:00     13.7     00.0    00.0   00.3     05.1    12:45     ENE
07    01.4    07.2   15:47   -06.9   06:04     16.9     00.0    00.0   00.3     05.1    21:13      NW
08    03.4    10.4   20:23   -04.6   05:32     14.9     00.0    00.0   00.3     04.6    12:19     ENE
09    05.3    11.2   16:22    00.8   05:28     13.0     00.0    00.8   00.9     05.1    21:14     WSW
10    07.6    12.4   16:27    04.2   07:28     10.7     00.0    00.6   01.0     08.2    15:45      NW
11    08.3    14.4   17:27    02.1   00:00     10.0     00.0    00.0   00.7     07.2    16:07      NW
12    06.4    12.9   15:16   -03.2   03:46     11.9     00.0    00.6   00.4     05.1    15:27      W 
13    13.6    21.5   19:51    02.3   00:01     04.7     00.0    00.0   00.2     03.6    14:01      N 
14    16.1    24.1   18:43    04.0   05:06     02.2     00.0    00.0   00.4     04.6    19:37     WSW
15    16.8    23.8   17:13    06.7   05:20     01.5     00.0    00.0   01.9     08.2    14:41     WSW
16    18.5    25.1   16:40    10.1   05:23     00.0     00.2    00.0   01.8     07.2    17:50     WSW
17    18.3    26.2   16:46    06.3   05:31     00.0     00.0    00.0   00.4     05.1    19:28     WNW
--------------------------------------------------------------------------------------------------------
10.0 (9.1)   26.2  day 17    -06.9  day 07   141.6    000.2   002.0   00.6     08.2   day 16      W 
Min <=   30: 17
Min <=  -5: 1
Max Rain: 0.8 ON 9-05-24
Days of Rain: 3 (> .2mm) 0 (> 2mm) 0 (> 20mm)